composite number?
False
Is 19519 composite?
True
Is 3203 composite?
False
Is 4049 composite?
False
Is 7721 composite?
True
Is 1757 prime?
False
Is 13097 a prime number?
False
Is 7715 prime?
False
Is 25287 prime?
False
Is 36973 composite?
False
Is 193937 a composite number?
False
Is 359495 prime?
False
Is 157981 prime?
False
Is 59153 a composite number?
True
Is 2153 a composite number?
False
Is 760579 composite?
False
Is 138133 prime?
False
Is 174569 prime?
True
Is 143 a composite number?
True
Is 71531 a composite number?
True
Is 5200589 composite?
True
Is 8927 composite?
True
Is 353263 a composite number?
False
Is 6243 composite?
True
Is 14253 prime?
False
Is 438439 a composite number?
False
Is 25031 a prime number?
True
Is 26599 a prime number?
False
Is 55559 a composite number?
True
Is 158189 a composite number?
False
Is 1584721 prime?
True
Is 24797 a prime number?
False
Is 11969 a composite number?
False
Is 107489 prime?
False
Is 14621 prime?
True
Is 15545 a prime number?
False
Is 113635 a composite number?
True
Is 5623 composite?
False
Is 51011 a composite number?
True
Is 3814729 prime?
True
Is 33547 composite?
False
Is 90385 a prime number?
False
Is 24221 prime?
False
Is 8842 prime?
False
Is 7 composite?
False
Is 2333 prime?
True
Is 6349 prime?
False
Is 5999 a prime number?
False
Is 975181 a prime number?
True
Is 54389 prime?
False
Is 88429 prime?
False
Is 10213 a prime number?
False
Is 57338 composite?
True
Is 22343 a composite number?
False
Is 1120103 a composite number?
True
Is 514 a composite number?
True
Is 12554 a prime number?
False
Is 8779 composite?
False
Is 23461 prime?
False
Is 13537 prime?
True
Is 1028099 a prime number?
True
Is 11731 composite?
False
Is 5897335 composite?
True
Is 212545 composite?
True
Is 44301 prime?
False
Is 9626 composite?
True
Is 2411 a composite number?
False
Is 2802863 prime?
False
Is 71101 composite?
True
Is 1189 a prime number?
False
Is 277961 a composite number?
False
Is 141458 a prime number?
False
Is 2743 a prime number?
False
Is 87389 prime?
False
Is 758623 prime?
False
Is 31061 prime?
False
Is 201961 composite?
False
Is 149239 a prime number?
True
Is 8191 prime?
True
Is 14591 a composite number?
False
Is 53135 composite?
True
Is 774767 prime?
False
Is 57515 a composite number?
True
Is 3037 prime?
True
Is 439783 a prime number?
False
Is 231161 prime?
False
Is 27427 composite?
False
Is 500845 a composite number?
True
Is 739981 composite?
True
Is 508841 a composite number?
False
Is 73841 a composite number?
True
Is 26831 prime?
False
Is 442983 prime?
False
Is 3086 composite?
True
Is 14777 composite?
True
Is 17569 a prime number?
True
Is 380557 composite?
False
Is 191657 a prime number?
True
Is 19259 prime?
True
Is 1273169 a prime number?
False
Is 66739 composite?
False
Is 12977 a prime number?
False
Is 7789 a composite number?
False
Is 2688977 composite?
False
Is 624622 a composite number?
True
Is 37705 a composite number?
True
Is 47077 a composite number?
True
Is 159977 composite?
False
Is 107995 composite?
True
Is 36871 a composite number?
False
Is 38803 prime?
True
Is 1541 prime?
False
Is 2153 a composite number?
False
Is 139289 a prime number?
False
Is 135881 a composite number?
True
Is 9493 a composite number?
True
Is 180617 prime?
True
Is 164713 composite?
True
Is 710599 a composite number?
False
Is 3967 a composite number?
False
Is 22411 composite?
True
Is 672703 a prime number?
True
Is 80573 prime?
False
Is 172073 a composite number?
True
Is 17126 prime?
False
Is 57055 prime?
False
Is 3991 a prime number?
False
Is 23327 a prime number?
True
Is 117799 a composite number?
True
Is 390151 composite?
False
Is 5531 a composite number?
False
Is 230383 a prime number?
True
Is 3211174 a composite number?
True
Is 65253 prime?
False
Is 1039643 prime?
False
Is 448457 a composite number?
True
Is 39469 composite?
True
Is 4865107 a composite number?
True
Is 1744619 a prime number?
False
Is 37423 prime?
True
Is 165491 composite?
True
Is 6071 composite?
True
Is 117497 a composite number?
False
Is 108587 prime?
True
Is 2039 a prime number?
True
Is 138101 prime?
True
Is 269 prime?
True
Is 853 prime?
True
Is 1651 a prime number?
False
Is 7177 prime?
True
Is 8402 prime?
False
Is 5919 a composite number?
True
Is 2437 composite?
False
Is 1293689 a composite number?
True
Is 596123 a prime number?
False
Is 21887 composite?
True
Is 717479 a composite number?
True
Is 441341 a composite number?
True
Is 4249361 prime?
True
Is 83047 composite?
False
Is 7493 a composite number?
True
Is 175349 a prime number?
True
Is 234569 composite?
True
Is 1633849 a composite number?
True
Is 33241 a composite number?
True
Is 3877 prime?
True
Is 364829 a composite number?
False
Is 3007163 a prime number?
False
Is 435377 composite?
True
Is 8951 a composite number?
False
Is 88783 prime?
False
Is 887 a prime number?
True
Is 60811 a prime number?
True
Is 84059 prime?
True
Is 27329 prime?
True
Is 61091 composite?
False
Is 279703 a composite number?
True
Is 329419 a prime number?
True
Is 181243 a composite number?
False
Is 5323579 prime?
True
Is 120026 prime?
False
Is 720377 composite?
True
Is 17063 prime?
False
Is 3453997 a composite number?
False
Is 1408367 a composite number?
False
Is 124669 a composite number?
False
Is 206993 a composite number?
False
Is 613 composite?
False
Is 10099 a prime number?
True
Is 1933303 a composite number?
True
Is 28807 a composite number?
False
Is 764171 a prime number?
True
Is 267109 a composite number?
True
Is 12761 a composite number?
True
Is 2841 a prime number?
False
Is 419 prime?
True
Is 21961 prime?
True
Is 1834167 prime?
False
Is 263369 a prime number?
True
Is 41131 a composite number?
False
Is 159491 composite?
False
Is 18797 prime?
True
Is 5141 a prime number?
False
Is 21 a prime number?
False
Is 56365 composite?
True
Is 172613 a composite number?
True
Is 31277 composite?
False
Is 94982 prime?
False
Is 2492857 a prime number?
False
Is 529913 composite?
True
Is 12643 a prime number?
False
Is 1311097 prime?
True
Is 109499 prime?
False
Is 2651663 a composite number?
True
Is 61819 composite?
False
Is 310273 prime?
True
Is 19934 a prime number?
False
Is 5671 a composite number?
True
Is 12571 a prime number?
False
Is 280487 prime?
True
Is 3574 a prime number?
False
Is 17603 prime?
False
Is 1631 a composite number?
True
Is 146717 prime?
False
Is 26534 a prime number?
False
Is 11993 composite?
True
Is 3295 prime?
False
Is 24547 composite?
False
Is 27187 a prime number?
False
Is 17855 composite?
True
Is 2216347 prime?
False
Is 4673 a prime number?
True
Is 1454539 composite?
False
Is 2159 a prime number?
False
Is 73277 prime?
True
Is 4621 a prime number?
True
Is 5585 a composite number?
True
Is 5147 composite?
False
Is 3347 a prime number?
True
Is 35494 prime?
False
Is 1617403 composite?
True
Is 252079 composite?
False
Is 6979 a prime number?
False
Is 14369 a composite number?
False
Is 6131 a composite number?
False
Is 4237 prime?
False
Is 417899 a composite number?
False
Is 574423 composite?
False
Is 26747 prime?
False
Is 5623 prime?
True
Is 1421837 composite?
True
Is 38531 a composite number?
True
Is 81219 composite?
True
Is 32909 a composite number?
False
Is 9017 a prime number?
False
Is 42853 a composite number?
False
Is 32141 prime?
True
Is 22481 a prime number?
True
Is 153247 prime?
True
Is 99871 a prime number?
True
Is 4679 prime?
True
Is 484943 a composite number?
True
Is 242989 a composite number?
False
Is 628909 a composite number?
False
Is 326317 a composite number?
True
Is 181163 prime?
False
Is 3122335 a composite number?
True
Is 938099 a prime number?
True
Is 951829 a prime number?
True
Is 3109 a composite number?
False
Is 6289 composite?
True
Is 704141 prime?
True
Is 3028933 composite?
True
Is 4798 a prime number?
False
Is 25007 a composite number?
True
Is 1758469 prime?
False
Is 14143 a composite number?
False
Is 332039 a prime number?
True
Is 470857 a prime number?
False
Is 765631 a composite number?
True
Is 24671 composite?
False
Is 36263 a composite number?
False
Is 64591 prime?
True
Is 29105 composite?
True
Is 774067 composite?
True
Is 36397 a prime number?
False
Is 4701 prime?
False
Is 1932089 composite?
False
Is 38689 a prime number?
False
Is 160051 composite?
True
Is 26669 composite